*p. Let r = 13 - w. What is the units digit of r?
5
Let t = -534 + 543. What is the units digit of t?
9
Let l(n) = -n**3 + 15*n**2 + 14*n - 1. What is the tens digit of l(14)?
9
What is the units digit of (-122 + 4)/(3 + (-115)/35)?
3
Suppose 0*b = 3*b. Let q(a) = a + 89. Let h be q(b). Let y = h + -44. What is the tens digit of y?
4
Suppose 0*i = -16*i + 4320. What is the tens digit of i?
7
Let w = 52 - 49. What is the hundreds digit of 325/w - 7/21?
1
Suppose 7836 - 27366 = -10*n. What is the hundreds digit of n?
9
Let i = 88 - 43. Let u = i - 221. Let m = 251 + u. What is the units digit of m?
5
Let b(q) = -3*q**3 + 10*q**2 - 14*q - 2. What is the thousands digit of b(-6)?
1
Suppose 0 = x + d - 428, -5*x = -5*d - 1175 - 945. What is the units digit of x?
6
Let v(d) = 648*d + 3. What is the tens digit of v(1)?
5
Suppose 5*p + p - 978 = 0. Suppose -12*k + 29 = -p. What is the tens digit of k?
1
Let t(f) be the first derivative of f**3/3 + 5*f**2/2 + 31*f - 21. What is the units digit of t(-9)?
7
Let f = -32 + 63. Suppose c - 26 = f. What is the tens digit of c?
5
Let k(l) = l**3 - 4*l**2 + 4*l - 4. Let a(g) = 4*g - 18. Let n be a(6). What is the units digit of k(n)?
2
Let w be (4/5)/((-10)/(-2375)). Suppose w = a - 82. What is the tens digit of a?
7
Let o(u) = 2*u**2 + u + 2. Let m be o(-2). What is the units digit of ((-45)/4)/((-3)/m)?
0
Suppose 51*y - 6972 = 37*y. What is the units digit of y?
8
Let b(g) = 53*g**2 + 4. What is the hundreds digit of b(-3)?
4
Let x = 8 + -5. What is the tens digit of (-2 + 1)/(x/(-558))?
8
Let u = 14 + -18. Let v(k) = -k**2 + 2*k - 1. Let r(i) = -i**2 + 2*i. Let n(q) = 3*r(q) - 4*v(q). What is the tens digit of n(u)?
2
Suppose -4*h + 2629 = -t, 5*t - 1142 - 824 = -3*h. What is the tens digit of h?
5
Let b(m) = -8*m + 10*m + 2 + 0 + 15. Let t be b(-12). Let g = t - -8. What is the units digit of g?
1
Suppose 38*p + 51*p = 162781. What is the units digit of p?
9
Let l(q) = 51*q + 62. What is the tens digit of l(9)?
2
Suppose 0 = -5*n + 5*v - 5, -5*n = -v + 6*v - 25. What is the tens digit of 5/(34/16 - n)?
4
Suppose 7*v - 6223 - 17409 = 0. What is the units digit of v?
6
Let r be 0*(22/4)/(-11). Suppose 2*h - 3*m - 191 = r, m + m - 449 = -5*h. What is the units digit of h?
1
Let w(x) = -x**3 - 6*x**2 - 2*x + 7. Let n(h) = 3*h**3 + 13*h**2 + 3*h - 13. Let z(j) = 3*n(j) + 7*w(j). What is the units digit of z(5)?
0
Let q(y) be the first derivative of 3 + 16*y + 4*y**2 - 1/3*y**3. What is the units digit of q(7)?
3
Let l(k) = 24*k**2 - 10*k - 14. What is the units digit of l(-5)?
6
Let w = 16 + 217. What is the units digit of w?
3
Let j(b) = -6*b. Let p = -15 + 4. Let f(d) = 18*d + 1. Let o(y) = p*j(y) - 4*f(y). What is the units digit of o(-5)?
6
Suppose 74*y = 3*a + 75*y - 12686, 5*a - 21148 = 3*y. What is the tens digit of a?
2
Let u = 794 + 16. What is the units digit of u?
0
Let n = 3036 - 822. What is the tens digit of n?
1
Suppose 3*f = -34 - 38. What is the units digit of 101 + (f/4 - -4)?
9
Let r(g) = 164*g**2 + 3*g - 9. Let i be r(2). Suppose -3*n - 2*z + 491 = 0, 4*n + 5*z = 4*z + i. What is the units digit of n?
3
Let n(l) be the first derivative of l**4/4 + l**2/2 + l + 7. Let h be n(0). What is the tens digit of h/(-6) + (-1444)/(-24)?
6
Let f = -39 + 17. Let o be 14/56 - f/8. Suppose -106 = -2*l - 3*i, 4*l - 54 = -o*i + 146. What is the tens digit of l?
4
Suppose 55*x + 1589 = 57*x - y, 3995 = 5*x + 5*y. What is the units digit of x?
6
Let m(w) = 443*w**2 + 10*w - 1. What is the units digit of m(-2)?
1
Suppose -s - 4*s = -1390. What is the tens digit of s?
7
Let o(w) = -76*w + 433. What is the tens digit of o(-14)?
9
Let f = 5 - 5. Suppose f = -5*r - 0*r - 10, r + 382 = 5*i. What is the units digit of i?
6
What is the units digit of (-290)/(-2) + -1*(6 + -1)?
0
Let z(s) be the second derivative of -s**5/20 - 7*s**4/6 - 11*s**3/6 + 17*s**2 + 32*s. What is the tens digit of z(-14)?
8
Suppose 2*j - 8*r = -7*r + 698, 3*r = -4*j + 1416. What is the units digit of j?
1
Let g(i) = 2*i**2 - 58*i + 100. What is the thousands digit of g(41)?
1
Let z(u) = 18*u - 43. What is the units digit of z(17)?
3
Suppose -2*v + 3 + 1 = 0. Suppose 4*m - 74 = v*m. What is the tens digit of m?
3
Let p be ((-122)/6)/((-1)/3). Let b = 128 - p. What is the units digit of b?
7
Let u = -170 + 1242. Suppose 128*y + u = 132*y. What is the units digit of y?
8
Let r(u) = -u**3 - 48*u**2 + 100*u + 116. What is the units digit of r(-50)?
6
Let l(a) = 14*a - 15. Let w be l(6). Suppose -6*m = -w - 69. What is the tens digit of m?
2
Let l be 2*4 - (4 + -1). Suppose 48 = 3*p - 3*c, -l*p - c + 4*c = -80. Suppose -3*r + p = -r. What is the units digit of r?
8
Suppose -3*k - 3*u = -18 - 33, -5*u = -k + 11. Let s be (-218)/(-10) - (-2)/10. Let b = s - k. What is the units digit of b?
6
Let l be 6/(-8) - (-1)/(-4). Let o be (-12)/l*6/4. Let h = o + 0. What is the units digit of h?
8
Let o be 22*(-1 - (-3)/2). Suppose i - 4*i + 48 = 0. Let z = i - o. What is the units digit of z?
5
Let z = -30 - -35. Suppose -n = -o - 69, -z*n - 2*o + 193 = -173. What is the units digit of n?
2
Let k(w) = -w**3 + 14*w**2 - 25*w - 22. What is the hundreds digit of k(10)?
1
What is the hundreds digit of 122/(-854) + 24586/14?
7
Let p(n) = -4*n + 7. Let y be p(5). Let f = y + 40. What is the units digit of f?
7
Let k = -165 - -353. What is the hundreds digit of k?
1
Suppose 4*d = -5*o + 10, 4*o - 17 = -5*d - 0*o. What is the hundreds digit of ((-2412)/d)/(-3) - (-9)/45?
1
What is the tens digit of -4*(147/(-2) - 2)?
0
Suppose -5*i + 0*d - 5*d - 10 = 0, d + 2 = -5*i. Suppose -x + 1 - 3 = i. What is the units digit of 0/(6/x) + 10?
0
Let s = -71 + 69. What is the units digit of (-1)/((6/213)/s)?
1
Let z(s) = -3*s + 2. Let a be z(-2). Suppose 0 = -4*u - 0 - a. What is the units digit of (-2)/(u/11) - 0?
1
Suppose 14*p - 456 = 12*p. Suppose -p = -5*v - 93. What is the units digit of v?
7
Let h be 48/20 + (-4)/10. Suppose -4*b = -r + 135, -r + h = -3*r. What is the units digit of (12/(-5))/(b/425)?
0
Suppose 2*v = 0, q - v = -4*v + 348. Suppose -q = 4*s - 64. What is the tens digit of s*-1*(-5)/(-5)?
7
Let l(p) = p**3 + 17*p**2 + 22*p - 51. What is the tens digit of l(-13)?
3
Suppose -10 = 5*v - 30. Suppose 2*j = -3*j + 4*f + 68, 0 = v*j + 3*f - 73. What is the units digit of j?
6
Let y = -33 - -33. Suppose 7*q + 90 + 141 = y. Let t = q - -52. What is the tens digit of t?
1
Suppose 5*u = -4*o + 3470, -2*o + 24 = 34. What is the hundreds digit of u?
6
Let m(f) = 5*f + 46. What is the tens digit of m(9)?
9
Let i be 1 - (-21 + (-1 - 2)). Suppose 4*b = -b + i. What is the units digit of b + (0/(-3))/(-2)?
5
Let y(p) = 156*p + 4. What is the thousands digit of y(7)?
1
Suppose -x - 344 = -4*j, -4*j + 4*x + 332 = -0*x. What is the tens digit of j?
8
Let x(d) = -6*d**3 + 2*d**2 + d. Let u be x(-1). Let t = 49 - 45. Suppose 0 = -5*k - 4*h + 45, -u = t*h - 27. What is the units digit of k?
5
Let d(m) = m + 14. Let p be d(-5). Suppose -p*u + 164 + 88 = 0. What is the tens digit of u?
2
Let j = 533 + 180. What is the tens digit of j?
1
Let n(g) = -3*g - 13. Suppose 0*y = 2*z - 2*y + 14, 19 = -z - 2*y. Let j be n(z). What is the units digit of ((-42)/(-10))/(j/100)?
1
Let j = -11 - -9. Let f be -2*3*j/4. What is the units digit of ((-13)/f + 3)*-3?
4
Let t = -67 + 67. Let r(v) = 3*v**3 + v**2 + 2*v - 141. Let f(d) = -2*d**3 - d**2 - d + 71. Let q(p) = -5*f(p) - 3*r(p). What is the units digit of q(t)?
8
Let q = -86 + 83. Let r be 1/(-2)*-2 + -3. What is the units digit of (r + -1)/q - -8?
9
Let x(w) = 127*w + 4. Let z be x(-6). Let p be (-1)/(z/(-190) + -4). Suppose -7 = -3*u - 19, -p = -3*c - u. What is the units digit of c?
3
Let m(q) = 83*q - 3. Let b be m(2). Let l = b + -89. What is the units digit of l?
4
Let h = -14 + 18. Suppose -2*q + 15 - 3 = -h*b, 2*b + 6 = 2*q. Suppose q = -3*y + 44 - 11. What is the tens digit of y?
1
Let a(t) = 174*t**2 + 20*t - 2. Let w(k) = 58*k**2 + 7*k - 1. Let s(l) = 3*a(l) - 8*w(l). Let i be s(-2). Let b = -151 + i. What is the tens digit of b?
7
Suppose 3713 = 10*s - 4747. What is the hundreds digit of s?
8
Let s(i) = i**3 - 6*i**2 - 15*i + 21. Suppose 0 = -2*z + c + 6 + 16, 3*z - c = 32. What is the units digit of s(z)?
1
Let x(w) = -1434*